 and 539?
49
Suppose -1400 = -287*s + 259*s. Suppose 5*m = 24 + 6. Let b = 11 - m. What is the greatest common divisor of s and b?
5
Let l(h) = 512*h**2 + 15*h + 3. Let b be l(-1). What is the highest common factor of 40 and b?
20
Suppose 2*j + 4*f + 4 = 3*j, 0 = -j + 2*f. Let d(b) = 6*b**2 - 9*b - 6. Let q be d(j). Suppose -5*w + q = -2*w. What is the highest common divisor of 168 and w?
42
Suppose -4*g + 5*k = -44 - 46, 5*g + 3*k - 94 = 0. Let v(f) = 24*f**2 + f + 1. Let y be v(3). Calculate the highest common divisor of g and y.
20
Let h be 3/(-2)*(-16)/6. Let l be (67/(-13) - -5) + (-4700)/(-130). Calculate the greatest common factor of h and l.
4
Let i(q) = 6*q + 36. Let v be i(-5). Let o be (504/(-54))/(8/v + -2). What is the greatest common factor of o and 224?
14
Let f = 56 + -58. Let z be f/6*(-10 - 2). What is the highest common factor of z and 2?
2
Let w be -1 - 3 - -2*29. Let t be 81/w*(-92)/(-6). What is the highest common divisor of 46 and t?
23
Let g = 301 + -249. Calculate the highest common divisor of g and 39.
13
Let y be (42/(-10) + 0)/(98/(-490)). What is the highest common divisor of y and 182?
7
Let n be (-10)/6*(-3)/15*0. Suppose n*p - 275 = -5*p. What is the greatest common factor of 22 and p?
11
Suppose 2*h = -3 + 13. Suppose 93 = -3*n - h*c, 2*n + 2*c + 62 = -3*c. Let x = 65 + n. What is the highest common divisor of x and 51?
17
Let t(w) = 542*w**2 - w + 2. Let g be t(1). Let a = g + -322. What is the greatest common factor of a and 17?
17
Suppose 0 = -t - 3*u + 2, 19*t + 4*u - 43 = 14*t. What is the highest common factor of t and 253?
11
Suppose 2*w - 3*t = 43, -13*w + 9*w + t = -111. Calculate the highest common divisor of w and 464.
29
Let z = 627 - 494. What is the highest common factor of 19 and z?
19
Suppose 459*r - 454*r - 200 = 0. Let q be (2/(-10) + 1)*5. Calculate the greatest common factor of q and r.
4
Suppose -10 = -3*b + 3*p - 8*p, -2*b + 3*p + 13 = 0. Calculate the greatest common divisor of 20 and b.
5
Let j = 9 + 1. Suppose -159 = -2*k + 165. Suppose n + 52 = k. Calculate the greatest common factor of n and j.
10
Let a be 4/(-3)*(-30)/4. What is the highest common divisor of 320 and a?
10
Let r = -2810 + 3335. Calculate the greatest common factor of 140 and r.
35
Let s = -199 - -140. Suppose 3*z + 4*y = 424, -145 = -z - 3*y + 3. Let f = s + z. Calculate the greatest common divisor of 7 and f.
7
Suppose q = -4*y + 5*q + 272, 3*q + 70 = y. Let n = 131 - y. Calculate the highest common factor of n and 8.
8
Suppose 7*z - 1 + 1 = 0. Suppose 519 = 3*d - 879. Suppose z = -7*r + d + 220. What is the highest common divisor of 14 and r?
14
Let f(t) = t**3 - 7*t**2 - 2*t + 20. Let v be f(10). What is the greatest common divisor of 100 and v?
100
Let t be (-1)/(10/(-36))*490/49. Let r be 2/(-4) - 19/(-2). Calculate the highest common factor of t and r.
9
Let a = 103 + -97. Suppose -8*r = -a*r - 104. Let k(w) = -w**3 - w - 4. Let g be k(-3). What is the highest common divisor of r and g?
26
Let u = -41 + 44. Suppose 4 - 29 = 5*t, 2*t = -u*o + 116. What is the greatest common divisor of o and 21?
21
Suppose 0*s = h - 5*s - 31, 3*h - 2*s = 158. Suppose p + 3*p = h. Let l = 279 - 167. Calculate the highest common factor of l and p.
14
Suppose t - 1 = 4*b + 7, -5*b = -5*t + 55. Let k = t - 34. Let w = -21 - k. What is the highest common divisor of w and 3?
1
Let y(i) = 10*i**2 - i. Suppose g - 2 = -0. Let n be y(g). Suppose -m - 41 = -0*j - 2*j, -2*j + 4*m = -n. What is the greatest common divisor of j and 63?
21
Let h = 2 - -1. Suppose -h*b = -2*z + 8, -3*z + b = -0*z - 12. Let a = 15 + z. What is the greatest common divisor of a and 171?
19
Let x = 10 + -10. Let p = x + 3. Let w be ((-2)/6)/((-1)/p). What is the highest common divisor of w and 2?
1
Suppose 5*i + 8 = -q, -2*q + 5*q - 15 = -2*i. Suppose 9*p - 238 = 662. Let d = 135 - p. What is the highest common divisor of d and q?
7
Suppose -5*l = -2*k + 5*k - 201, -3*l - 5*k + 111 = 0. Calculate the highest common divisor of l and 63.
21
Let u(q) = 106*q**3 + q**2 + q - 2. Let l be u(1). Let z = -86 + l. What is the greatest common factor of z and 8?
4
Suppose 50 - 5 = 3*n. Let v = -22 + n. Let w = 17 - v. What is the highest common divisor of 12 and w?
12
Let f(c) = -c. Let k(r) = r**3 - 13*r**2 - 18*r + 4. Let t(h) = -5*f(h) + k(h). Let i be t(14). Calculate the highest common factor of 6 and i.
6
Suppose -2*x + 36 = 4*v - 54, 0 = -3*x + 4*v + 95. Calculate the greatest common factor of 1887 and x.
37
Let v be (6 - -3)/(-3) - -2*34. What is the highest common factor of v and 351?
13
Let o = 84 - 78. Suppose -2*r + 13 = a, 4*a + 22 = 3*r + o*a. What is the highest common divisor of r and 6?
2
Let u = 214 + -79. Suppose -3*p = 2*r - 91, 13*p - 4*r = 8*p + 115. What is the highest common divisor of p and u?
27
Suppose 3*r = 5*i - 517, 5 = 5*r - 0*r. What is the highest common factor of i and 260?
52
Let b be ((-2)/4)/((-2)/(-24)). Let g be (b/9)/((-8)/12). Let o be g/(9/6 + -1). What is the greatest common divisor of 16 and o?
2
Let j(d) = 5*d**2 - 10*d - 63. Let m be j(8). Calculate the highest common factor of m and 472.
59
Let v(l) = 7*l**2 - 35*l + 105. Let c be v(3). Let q be (-2)/(-6)*(-6)/(-1). Suppose 42 = q*t - t. What is the greatest common divisor of c and t?
21
Let o be 1/(((-34)/(-51))/(272/6)). What is the highest common divisor of 459 and o?
17
Suppose -4*n + n = -j - 88, 450 = -5*j + 5*n. Let r be (-5110)/j + 2/(-13). Calculate the greatest common divisor of r and 8.
8
Let s(i) = -i**3 + i - 1. Let p(t) = 2*t**3 + 21*t**2 - 4*t + 37. Let u(v) = p(v) + 3*s(v). Let k be u(21). What is the greatest common factor of k and 13?
13
Let m be (0 - 2)*-47*(6 - 5). Calculate the greatest common divisor of 282 and m.
94
Let l(p) = 39*p**2 - 141*p - 1. Let c be l(4). Calculate the greatest common divisor of c and 2419.
59
Let a = 5704 - 3306. What is the highest common divisor of a and 22?
22
Let l(k) = -k**3 + 15*k**2 + 20*k - 22. Let y be l(16). Let j = y - 5. Calculate the greatest common divisor of 74 and j.
37
Let d(t) = t**3 + t**2 - 6*t - 1. Suppose -j + 4*c = -3, 3*c + 9 = 3*j - 2*c. Let a be d(j). Calculate the greatest common factor of a and 51.
17
Let v be -2 - -18 - 2*(5 + -3). Calculate the highest common divisor of 81 and v.
3
Suppose 0 = 2*g + g. Suppose -4*p - n = 26, -4*p + 3*n + 2 - 36 = g. Let m = p + 13. Calculate the highest common divisor of m and 30.
6
Suppose 37*l - 1080 = -23*l. What is the highest common divisor of 46 and l?
2
Suppose 62*v = 18*v + 836. Let c(o) = o**2 - o + 57. Let k be c(0). Calculate the greatest common divisor of v and k.
19
Suppose 0 = -g + 6*g - 30. Let n be (18 - 60)*(-20)/g. Suppose -3*j - 2*j = -140. Calculate the highest common divisor of j and n.
28
Let h be -5*15*18/(-15). Let r be (-162)/(-15) - (-28)/(-35). What is the greatest common factor of r and h?
10
Let x = 12 - 7. Suppose x*u = -65 - 190. Let y be 2 - (-3 - u/(-3)). Calculate the greatest common divisor of 242 and y.
22
Let z be -2 + -4 + -1 + (-231)/(-3). Calculate the greatest common factor of z and 1120.
70
Suppose -i = 1, -2*r + 4*i + 8 = 2*i. Suppose r*z = 30 + 12. What is the highest common divisor of z and 14?
14
Let i be 206 + -3 + -2 - (-12)/(-4). Calculate the greatest common divisor of 88 and i.
22
Suppose 5*t + l = -4*l - 85, -3*t + 4*l = 23. Let f = 83 - 67. Let i = t + f. Calculate the highest common factor of i and 12.
3
Let x be -3 + 425 + (-2 - -3). Let j = 647 - x. Calculate the highest common divisor of j and 14.
14
Let j be (118/(-295))/((-1)/1350). What is the highest common divisor of 24 and j?
12
Let q = -87 + 90. Suppose q = 3*g, 3*j = -2*g + 78 - 19. Let d be (-38)/(-3)*66/4. Calculate the highest common factor of j and d.
19
Let n(t) = -t - 9. Let u be n(-14). Suppose 2*v = u + 1. Suppose -a - v = -18. What is the highest common factor of a and 3?
3
Let h be ((-137)/(-2))/((-16)/(-96)). Suppose -337 = -4*f + h. Let s = f + -88. What is the highest common divisor of 9 and s?
9
Let h(u) = 26*u - 136. Let a be h(6). Calculate the highest common divisor of a and 470.
10
Let j = -12 + 18. Let k be (-3 - -2)*3 + 8. Suppose -4 = 2*t - k*s, -4*t - 4*s = -s - 18. What is the highest common divisor of j and t?
3
Let u = -99 - -